e highest common divisor of 13 and 17.
1
Calculate the greatest common divisor of 48 and 240.
48
Calculate the greatest common divisor of 444 and 12.
12
What is the highest common factor of 2598 and 6?
6
What is the highest common divisor of 162 and 96?
6
What is the greatest common divisor of 70 and 448?
14
Calculate the greatest common factor of 2755 and 290.
145
Calculate the greatest common divisor of 27 and 1881.
9
What is the greatest common divisor of 1208 and 8?
8
What is the highest common divisor of 251 and 19829?
251
What is the highest common divisor of 11 and 1221?
11
What is the greatest common factor of 7452 and 184?
92
Calculate the highest common divisor of 12254 and 22.
22
Calculate the greatest common divisor of 925 and 125.
25
What is the greatest common divisor of 195 and 12?
3
What is the greatest common divisor of 1152 and 108?
36
Calculate the greatest common divisor of 32 and 32.
32
What is the greatest common factor of 1515 and 15?
15
What is the highest common factor of 1300 and 500?
100
What is the highest common factor of 80 and 140?
20
What is the highest common divisor of 18 and 1314?
18
Calculate the highest common factor of 150 and 100.
50
Calculate the greatest common factor of 12 and 3228.
12
What is the highest common divisor of 1540 and 220?
220
Calculate the highest common factor of 17877 and 531.
177
Calculate the greatest common factor of 264 and 11814.
66
What is the greatest common factor of 24 and 49?
1
What is the greatest common factor of 41185 and 5?
5
What is the greatest common divisor of 25 and 400?
25
Calculate the greatest common divisor of 3190 and 110.
110
What is the greatest common factor of 88 and 11?
11
What is the highest common factor of 4 and 108?
4
Calculate the highest common divisor of 5742 and 145.
29
What is the greatest common divisor of 649 and 352?
11
Calculate the highest common divisor of 1950 and 468.
78
Calculate the highest common divisor of 204 and 51.
51
What is the highest common factor of 13032 and 27?
9
Calculate the greatest common factor of 28 and 98.
14
What is the highest common divisor of 23 and 52279?
23
What is the highest common divisor of 201 and 8643?
201
What is the greatest common factor of 1550 and 75?
25
Calculate the greatest common factor of 5 and 545.
5
Calculate the highest common divisor of 1940 and 50.
10
What is the greatest common factor of 36 and 234?
18
What is the greatest common divisor of 348 and 3108?
12
What is the highest common factor of 120 and 30?
30
What is the greatest common divisor of 740 and 80?
20
What is the highest common divisor of 18 and 2190?
6
What is the highest common divisor of 7 and 763?
7
Calculate the greatest common factor of 4469 and 41.
41
What is the highest common divisor of 1824 and 57?
57
Calculate the highest common divisor of 6 and 942.
6
What is the highest common divisor of 470 and 1598?
94
What is the highest common divisor of 42 and 224?
14
What is the greatest common factor of 36 and 261?
9
Calculate the greatest common factor of 26 and 39.
13
Calculate the greatest common divisor of 196 and 1813.
49
Calculate the highest common divisor of 551 and 171.
19
Calculate the highest common divisor of 6809 and 33.
11
Calculate the greatest common divisor of 1575 and 63.
63
What is the highest common divisor of 952 and 4216?
136
Calculate the greatest common divisor of 336 and 357.
21
What is the highest common divisor of 64 and 18?
2
What is the highest common divisor of 2076 and 36?
12
Calculate the greatest common factor of 3376 and 16.
16
Calculate the highest common divisor of 111 and 1924.
37
What is the highest common factor of 18 and 486?
18
What is the greatest common divisor of 805 and 1449?
161
What is the greatest common factor of 294 and 6?
6
Calculate the greatest common divisor of 2139 and 207.
69
Calculate the greatest common divisor of 46 and 1357.
23
Calculate the greatest common factor of 210 and 40.
10
Calculate the greatest common factor of 1 and 1013.
1
What is the highest common factor of 66 and 165?
33
Calculate the greatest common divisor of 35 and 1265.
5
What is the greatest common factor of 3545 and 60?
5
What is the greatest common factor of 846 and 18?
18
What is the highest common divisor of 760 and 180?
20
Calculate the highest common factor of 820 and 41.
41
What is the highest common divisor of 26 and 1898?
26
Calculate the greatest common divisor of 1040 and 325.
65
Calculate the highest common factor of 15 and 215.
5
Calculate the greatest common factor of 63 and 15165.
9
Calculate the greatest common divisor of 9 and 72.
9
What is the highest common factor of 1476 and 820?
164
Calculate the highest common divisor of 403 and 31.
31
Calculate the greatest common divisor of 2651 and 11.
11
Calculate the greatest common factor of 2067 and 318.
159
Calculate the greatest common factor of 27 and 801.
9
What is the greatest common divisor of 2624 and 384?
64
What is the greatest common divisor of 1505 and 860?
215
What is the highest common factor of 1440 and 450?
90
What is the greatest common factor of 305 and 1159?
61
Calculate the highest common divisor of 6 and 3.
3
Calculate the greatest common divisor of 12 and 108.
12
Calculate the greatest common factor of 6 and 522.
6
Calculate the greatest common divisor of 15 and 1215.
15
What is the highest common factor of 455 and 130?
65
What is the highest common divisor of 133 and 7?
7
What is the highest common factor of 2 and 466?
2
Calculate the greatest common factor of 19811 and 11.
11
What is the highest common divisor of 24 and 276?
12
Calculate the highest common factor of 299 and 26.
13
Calculate the greatest common factor of 55482 and 42.
42
Calculate the highest common divisor of 13416 and 258.
258
What is the greatest common factor of 39 and 2301?
39
What is the highest common factor of 171 and 153?
9
What is the greatest common divisor of 32 and 2696?
8
What is the highest common divisor of 1661 and 77?
11
What is the greatest common factor of 51 and 408?
51
Calculate the highest common divisor of 804 and 737.
67
Calculate the highest common factor of 156 and 9204.
156
What is the highest common divisor of 804 and 36448?
268
What is the greatest common divisor of 2 and 27?
1
What is the highest common factor of 22 and 4246?
22
Calculate the highest common factor of 2080 and 1508.
52
What is the greatest common divisor of 12 and 4?
4
What is the highest common divisor of 611 and 188?
47
What is the greatest common divisor of 81 and 51921?
81
What is the greatest common factor of 96 and 80?
16
Calculate the highest common factor of 35 and 455.
35
What is the greatest common divisor of 16 and 1072?
16
What is the highest common factor of 10 and 2410?
10
Calculate the highest common factor of 1311 and 184.
23
What is the greatest common factor of 4 and 524?
4
What is the greatest common divisor of 14 and 34902?
14
Calculate the greatest common divisor of 16 and 212.
4
What is the highest common divisor of 1400 and 28?
28
What is the highest common divisor of 1120 and 512?
32
Calculate the highest common divisor of 48 and 207.
3
Calculate the highest common divisor of 204 and 544.
68
Calculate the highest common factor of 90 and 225.
45
What is the greatest common divisor of 264 and 24?
24
Calculate the highest common divisor of 680 and 80.
40
What is the highest common factor of 1625 and 52?
13
Calculate the highest common divisor of 168 and 49.
7
Calculate the greatest common factor of 3700 and 400.
100
What is the highest common divisor of 530 and 3392?
106
What is the greatest common divisor of 204 and 12087?
51
What is the highest common divisor of 1152 and 324?
36
What is the highest common factor of 432 and 16?
16
Calculate the highest common divisor of 1057 and 189.
7
What is the greatest common factor of 665 and 35?
35
What is the greatest common divisor of 539 and 88?
11
Calculate the greatest common divisor of 1133 and 2987.
103
What is the greatest common divisor of 36 and 5328?
36
What is the greatest common factor of 804 and 444?
12
Calculate the greatest common factor of 21 and 105.
21
What is the highest common divisor of 1092 and 168?
84
Calculate the highest common factor of 722 and 38.
38
Calculate t